
List the prime factors of 1163.
1163
What are the prime factors of 7649?
7649
What are the prime factors of 13230?
2, 3, 5, 7
List the prime factors of 5390.
2, 5, 7, 11
What are the prime factors of 31303?
23, 1361
What are the prime factors of 13402?
2, 6701
What are the prime factors of 253?
11, 23
List the prime factors of 26055.
3, 5, 193
What are the prime factors of 1059?
3, 353
What are the prime factors of 284?
2, 71
List the prime factors of 24439.
24439
List the prime factors of 35662.
2, 11, 1621
List the prime factors of 3194.
2, 1597
List the prime factors of 5390.
2, 5, 7, 11
What are the prime factors of 886?
2, 443
What are the prime factors of 2353?
13, 181
What are the prime factors of 18574?
2, 37, 251
List the prime factors of 1154.
2, 577
List the prime factors of 6747.
3, 13, 173
What are the prime factors of 43665?
3, 5, 41, 71
What are the prime factors of 6023?
19, 317
What are the prime factors of 11185?
5, 2237
What are the prime factors of 1072?
2, 67
List the prime factors of 17017.
7, 11, 13, 17
What are the prime factors of 37830?
2, 3, 5, 13, 97
What are the prime factors of 27692?
2, 7, 23, 43
List the prime factors of 62386.
2, 31193
What are the prime factors of 3747?
3, 1249
What are the prime factors of 921?
3, 307
List the prime factors of 662.
2, 331
List the prime factors of 37279.
11, 3389
What are the prime factors of 26573?
26573
What are the prime factors of 12092?
2, 3023
List the prime factors of 4229.
4229
List the prime factors of 897.
3, 13, 23
List the prime factors of 9011.
9011
List the prime factors of 144.
2, 3
What are the prime factors of 72519?
3, 23, 1051
List the prime factors of 38344.
2, 4793
List the prime factors of 2579.
2579
List the prime factors of 2178.
2, 3, 11
What are the prime factors of 1965?
3, 5, 131
What are the prime factors of 29539?
109, 271
What are the prime factors of 59643?
3, 47
What are the prime factors of 837?
3, 31
List the prime factors of 5753.
11, 523
List the prime factors of 29907.
3, 3323
List the prime factors of 2963.
2963
What are the prime factors of 99674?
2, 19, 43, 61
List the prime factors of 701.
701
What are the prime factors of 2337?
3, 19, 41
What are the prime factors of 2798?
2, 1399
List the prime factors of 87754.
2, 17, 29, 89
List the prime factors of 2082.
2, 3, 347
What are the prime factors of 270?
2, 3, 5
What are the prime factors of 873?
3, 97
List the prime factors of 49031.
49031
What are the prime factors of 8182?
2, 4091
What are the prime factors of 1309?
7, 11, 17
What are the prime factors of 305?
5, 61
What are the prime factors of 675?
3, 5
List the prime factors of 12.
2, 3
List the prime factors of 3681.
3, 409
What are the prime factors of 45291?
3, 31, 487
List the prime factors of 57341.
17, 3373
What are the prime factors of 29710?
2, 5, 2971
List the prime factors of 1620.
2, 3, 5
What are the prime factors of 1738?
2, 11, 79
List the prime factors of 6850.
2, 5, 137
List the prime factors of 1475.
5, 59
List the prime factors of 643.
643
What are the prime factors of 219?
3, 73
List the prime factors of 5975.
5, 239
List the prime factors of 5406.
2, 3, 17, 53
What are the prime factors of 57704?
2, 7213
List the prime factors of 83485.
5, 59, 283
What are the prime factors of 10732?
2, 2683
What are the prime factors of 809?
809
List the prime factors of 1786.
2, 19, 47
List the prime factors of 5262.
2, 3, 877
What are the prime factors of 8126?
2, 17, 239
What are the prime factors of 13780?
2, 5, 13, 53
List the prime factors of 2903.
2903
What are the prime factors of 3008?
2, 47
What are the prime factors of 29998?
2, 53, 283
List the prime factors of 43295.
5, 7, 1237
What are the prime factors of 5474?
2, 7, 17, 23
List the prime factors of 1849.
43
List the prime factors of 186.
2, 3, 31
List the prime factors of 29555.
5, 23, 257
What are the prime factors of 14307?
3, 19, 251
List the prime factors of 13266.
2, 3, 11, 67
List the prime factors of 3441.
3, 31, 37
What are the prime factors of 29683?
29683
What are the prime factors of 2724?
2, 3, 227
What are the prime factors of 56092?
2, 37, 379
List the prime factors of 659.
659
What are the prime factors of 1488?
2, 3, 31
List the prime factors of 12647.
12647
List the prime factors of 33517.
11, 277
What are the prime factors of 10461?
3, 11, 317
List the prime factors of 1563.
3, 521
List the prime factors of 12697.
12697
What are the prime factors of 1977?
3, 659
List the prime factors of 967.
967
List the prime factors of 700.
2, 5, 7
What are the prime factors of 49326?
2, 3, 8221
List the prime factors of 63840.
2, 3, 5, 7, 19
List the prime factors of 19042.
2, 9521
List the prime factors of 2004.
2, 3, 167
List the prime factors of 1061.
1061
List the prime factors of 11541.
3, 3847
What are the prime factors of 3747?
3, 1249
What are the prime factors of 2259?
3, 251
What are the prime factors of 18781?
7, 2683
List the prime factors of 39375.
3, 5, 7
List the prime factors of 18213.
3, 13, 467
List the prime factors of 1427.
1427
List the prime factors of 4019.
4019
List the prime factors of 41495.
5, 43, 193
What are the prime factors of 25592?
2, 7, 457
What are the prime factors of 7737?
3, 2579
What are the prime factors of 14856?
2, 3, 619
List the prime factors of 753.
3, 251
List the prime factors of 948.
2, 3, 79
What are the prime factors of 10189?
23, 443
What are the prime factors of 43086?
2, 3, 43, 167
What are the prime factors of 2546?
2, 19, 67
List the prime factors of 894.
2, 3, 149
What are the prime factors of 164890?
2, 5, 11, 1499
What are the prime factors of 6293?
7, 29, 31
What are the prime factors of 3898?
2, 1949
What are the prime factors of 5035?
5, 19, 53
List the prime factors of 77005.
5, 15401
What are the prime factors of 9692?
2, 2423
What are the prime factors of 1173?
3, 17, 23
List the prime factors of 6370.
2, 5, 7, 13
What are the prime factors of 1751?
17, 103
What are the prime factors of 89795?
5, 17959
What are the prime factors of 3126?
2, 3, 521
List the prime factors of 4945.
5, 23, 43
List the prime factors of 3227.
7, 461
What are the prime factors of 475?
5, 19
What are the prime factors of 699?
3, 233
What are the prime factors of 47613?
3, 59, 269
What are the prime factors of 1435?
5, 7, 41
List the prime factors of 147279.
3, 11, 4463
List the prime factors of 57340.
2, 5, 47, 61
List the prime factors of 184280.
2, 5, 17, 271
What are the prime factors of 24827?
11, 37, 61
What are the prime factors of 1814?
2, 907
What are the prime factors of 14083?
14083
List the prime factors of 376.
2, 47
List the prime factors of 16673.
16673
List the prime factors of 39008.
2, 23, 53
What are the prime factors of 26958?
2, 3, 4493
What are the prime factors of 8028?
2, 3, 223
What are the prime factors of 19955?
5, 13, 307
What are the prime factors of 2297?
2297
What are the prime factors of 385?
5, 7, 11
What are the prime factors of 36856?
2, 17, 271
List the prime factors of 10046.
2, 5023
What are the prime factors of 16443?
3, 7, 29
What are the prime factors of 1188?
2, 3, 11
List the prime factors of 843.
3, 281
List the prime factors of 2568.
2, 3, 107
List the prime factors of 2806.
2, 23, 61
What are the prime factors of 4579?
19, 241
What are the prime factors of 19807?
29, 683
List the prime factors of 153344.
2, 599
List the prime factors of 18762.
2, 3, 53, 59
List the prime factors of 1985.
5, 397
List the prime factors of 98689.
98689
List the prime factors of 730.
2, 5, 73
What are the prime factors of 5591?
5591
List the prime factors of 16998.
2, 3, 2833
List the prime factors of 48966.
2, 3, 8161
What are the prime factors of 7123?
17, 419
What are the prime factors of 5091?
3, 1697
List the prime factors of 9615.
3, 5, 641
List the prime factors of 14529.
3, 29, 167
What are the prime factors of 741?
3, 13, 19
What are the prime factors of 1651?
13, 127
What are the prime factors of 427?
7, 61
What are the prime factors of 8996?
2, 13, 173
What are the prime factors of 157940?
2, 5, 53, 149
List the prime factors of 667.
23, 29
List the prime factors of 49236.
2, 3, 11, 373
List the prime factors of 437.
19, 23
What are the prime factors of 36033?
3, 12011
What ar